third derivative of b(h). Give u(6).
8
Let v(l) = l + 1. Let o be v(-7). Let a = -5 - o. Let h(j) = -5*j**2 + 2*j - 1. Give h(a).
-4
Let n(l) = l**3 + 13. Let p = 39 + -39. What is n(p)?
13
Suppose 0 = r + 2*k + 1, -3*r + 3*k = 2*r + 31. Let d(w) = -w**3 - w**2 - 1. Let i(n) = -5*n**2 - 6*n - 2. Let q(m) = d(m) + i(m). Give q(r).
2
Let g(u) = u**3. Let b(l) = -5*l**3 - 6*l**2 - 5*l + 3. Let n(t) = -b(t) - 4*g(t). Let a be 5*1/4*-4. Calculate n(a).
-3
Let y(h) be the third derivative of -h**5/60 - 7*h**4/24 - h**3/6 - 2*h**2. Suppose -2*g - 18 = -8. Give y(g).
9
Suppose 3*h - v = 65, 0 = h + 2*h + 2*v - 77. Suppose -h = b - 5*g - 8, -12 = -4*b - 4*g. Let o(z) = z - 5 - 3 + 2 + 4. Give o(b).
-2
Let g = 8 + -12. Let k be -6*g/(-16)*2. Let f(m) = -m - 2. Give f(k).
1
Let t(v) = -v + 6. Let w be t(3). Let j(y) be the second derivative of 0 - 3*y + 7/2*y**2 + 1/6*y**w. Give j(0).
7
Let r(k) be the second derivative of -1/6*k**3 - 2*k**2 + 6*k + 0. What is r(-5)?
1
Let y(z) be the first derivative of z**2 + z**3 - 1/6*z**4 - 1/20*z**5 - 4*z - 4. Let i(s) be the first derivative of y(s). Calculate i(-4).
10
Let t = -6 + 2. Let g(n) = 8*n**3 - 3*n**2 - 4*n - 2. Let i(p) = -5*p**3 + p**2 + 2*p + 1. Let w(f) = -3*g(f) - 5*i(f). Determine w(t).
-7
Suppose 5*w - s - 4 = 4*w, -2*w + 5*s + 11 = 0. Suppose 3*l + 6 = w. Let g(q) be the first derivative of -7*q**2/2 + 2. Give g(l).
7
Suppose -5 = -0*y + 5*y. Let v(c) be the first derivative of 8*c**3/3 + c**2/2 + 44. Give v(y).
7
Let w(h) = -h**2 + 5*h. Let t(k) = k**3 + 3*k**2 + 4. Let a be t(-3). Suppose 0 = a*x + 12 + 28. Let f be ((-12)/x)/((-6)/(-20)). What is w(f)?
4
Let n be (-2)/(-1) + 5 + 96/(-6). Let o(c) = -c. Calculate o(n).
9
Let f(m) be the second derivative of -m**4/12 + m**3/6 + m**2/2 - 3*m. Let p(o) = -5*o**2 + 7. Let v(x) = 4*f(x) - p(x). What is v(-5)?
2
Let p(w) = w**3 + 2*w**2 - 1. Let r be p(1). Suppose -10 = r*t - 2*l, -3*t + 4*t + 5 = -3*l. Let d(m) = m + 6. What is d(t)?
1
Let t(o) = -2*o - 3. Let h(s) = -6*s - 10. Let d(x) = 2*h(x) - 7*t(x). Suppose -2*b + 4*b + 12 = 0. Give d(b).
-11
Suppose 3*p + 2 = 32. Let h(q) = -q + 4. Give h(p).
-6
Let q(k) = k**2 + k. Let g(j) = 4*j**2 + 2*j + 1. Let y(v) = -g(v) + 2*q(v). Let x(b) = -b**3 + b**2 + b - 1. Let r be x(0). What is y(r)?
-3
Let p(o) = 2*o**2 + 8*o - 3. Let t(x) = x**2 + 4*x - 2. Let g(z) = 3*p(z) - 5*t(z). Let u be g(-5). Let h(v) = -v - 2. Calculate h(u).
-8
Let i(c) = 2*c + 7. Let n(r) = 2*r. Let h be n(-3). Determine i(h).
-5
Let s = 3 - -3. Let k(j) be the first derivative of -j**4/4 + 2*j**3 + j**2/2 - 2*j + 2. Calculate k(s).
4
Let t(q) = -q - 6. Let s be t(0). Let z(w) = -w**2 - 4*w + 8. Determine z(s).
-4
Let z = 7 - 2. Let b be 2 - (2 + 0 + -2). Let c = b - z. Let v(i) = -2*i**2 - 3*i + 4. Calculate v(c).
-5
Let m = -22 - -24. Let j(o) be the first derivative of -m*o**2 - 1/3*o**3 - 4*o - 2. What is j(-3)?
-1
Let h be (3/(-2) + 2)*(0 - 8). Let g(x) = -x**3 - 6*x**2 - 5*x + 1. What is g(h)?
-11
Let p(d) = -d**2 - 5*d - 4. Let z be p(-3). Suppose 0 = -z*b + r + 7 - 2, -5*b + 3*r + 13 = 0. Let f(y) = -y**3 + 3*y - 3. What is f(b)?
-5
Suppose h - 1 = -7. Let p be h*1/(-3 - -5). Let w(r) = r**3 + r**2 - 5*r - 3. Determine w(p).
-6
Let o(r) = r**3 - 2*r - 1. Let g be o(2). Let y(j) = 2 + j - j**2 - 5 - g - 7*j. What is y(-5)?
-1
Let g(f) = -f + 27 - 17 - 11. What is g(-2)?
1
Let d be 44/(-16) + 1/(-4). Let o(m) = -m - 2. Give o(d).
1
Suppose 6 + 9 = 5*k. Let s(c) = c**3 + 0*c**2 + c**2 - 8*c**k - 2 + 1 - c. Suppose -2 = -2*z + 4*z. Determine s(z).
8
Let r(g) = -g**2 + g + 1. Let f(x) = 3*x**2 - 8*x - 7. Let u(b) = f(b) + 4*r(b). Determine u(-2).
1
Let z be (-3)/4 + (36/(-16) - 0). Let o(k) = -2*k + 3 + k + 4*k. Give o(z).
-6
Let n(o) = o**2 - 4*o + 1. Let z(x) = 3*x**2 - 11*x + 3. Let p(r) = 11*n(r) - 4*z(r). Calculate p(2).
-5
Suppose -20 = -0*d - 4*d, -25 = 3*r - 5*d. Let h be (-10)/4*(2 - r). Let t(w) = -w**3 - 5*w**2 - w + 2. Determine t(h).
7
Suppose -7*b + 16*b - 9 = 0. Let t(s) = 2*s**2 - s. Give t(b).
1
Let g(z) = z**2 + 7*z - 1. Let m be ((-1)/1 + 8)/(-1). Let t be g(m). Let s(l) be the third derivative of -7*l**4/24 + l**2. What is s(t)?
7
Let h(v) be the second derivative of v**5/20 - v**3/3 - 3*v. Let w(t) = t**3 + 10*t**2 + t + 12. Let r be w(-10). Calculate h(r).
4
Let v(n) = -n**2 - n - 4. Let w be (6/4)/((-5)/10). Give v(w).
-10
Let s(m) = m - 2. Let w(j) = 2*j**2 + 3*j. Let h be w(-2). Suppose 48 = 4*v - v. Suppose 2*z - v = -h*z. Determine s(z).
2
Suppose 5*l = 2*l + 6. Let x = -2 + l. Let f(d) = d**2 + d + 5. Give f(x).
5
Let k(w) = w**3 - 4*w**2 + 3*w + 2. Let c be (-60)/(-40)*(2/2 + 1). Give k(c).
2
Let d(r) = -31*r + 9. Let t(v) = -15*v + 4. Let b(m) = -3*d(m) + 7*t(m). Calculate b(1).
-11
Let r(q) = q**2. Let k = 17 + -16. Give r(k).
1
Let j be 1*6 + (3 - 4). Let t(p) = -15*p**2 - 3*p + 7. Let f(o) = -7*o**2 - o + 3. Let u(c) = j*f(c) - 2*t(c). Suppose 3 = 5*l + 8. Give u(l).
-5
Suppose 0 = -h - 5 + 16. Let j(z) = z - 11. Let v be j(h). Let x(r) = r. Calculate x(v).
0
Suppose 5*t - 3*t - 4 = 0. Suppose -t*h = 2*h. Let u(b) = 1 - b**3 - 4 - b**2 - b - 3. What is u(h)?
-6
Let s(u) = 8 + 3*u - 2*u - 6. Give s(-5).
-3
Suppose 0 = -v + 5 - 3. Let a(l) = 1 + 3 - 2*l**v - 5*l + 4*l**2. Give a(3).
7
Let m = 4 + -6. Let g(s) = 2*s**2 + 2*s - 2. What is g(m)?
2
Let w = 70 - 70. Let n(k) be the third derivative of 1/24*k**6 + 1/6*k**3 + 2*k**2 - 1/60*k**5 - 1/24*k**4 + 0*k + w. What is n(1)?
4
Let z = -39 + 55. Let o = z - 13. Let x(y) = -y**3 + 3*y**2 + y - 3. Calculate x(o).
0
Let p(c) = -c**3 + 7*c**2 - 4*c + 2. Suppose 21 = i + 5*z, -5*z + 39 = -i + 5*i. Give p(i).
14
Suppose 4*n - 22 = 62. Let a(x) = -n*x - 3*x**2 + 2*x**2 + 22*x + 1 + 0*x**2. Give a(0).
1
Let k(j) = 4*j - 29. Let l(q) = q - 10. Let n(o) = -2*k(o) + 7*l(o). What is n(-6)?
-6
Let i(l) = -6*l + 3. Suppose 55 = -2*s + 1. Let u(w) = 78*w - 39. Let v(b) = s*i(b) - 2*u(b). Calculate v(2).
9
Let i(q) be the first derivative of 3 + 1/12*q**4 + 3*q - 2/3*q**3 - 1/2*q**2. Let j(p) be the first derivative of i(p). Determine j(2).
-5
Let z(o) = -o**2 - 6*o + 5. Let p be z(-5). Let w be (16/p)/((-2)/(-10)). Let y(g) = g - 3 - 1 + w. Give y(-3).
1
Let v(j) be the third derivative of j**6/360 + j**5/40 - j**4/8 - j**3/6 - 3*j**2. Let o(k) be the first derivative of v(k). What is o(-4)?
1
Let o(k) = 8*k. Let i(p) = 6*p**3 - p**2. Let t be i(1). Let d(f) = -1 - 7*f - 3 + t. Let m(b) = 7*d(b) + 6*o(b). Give m(4).
3
Let c(r) = 19 + r**2 - 4*r + 3*r + r. Give c(0).
19
Let f(b) = b**3 + 4*b**2 + 4*b + 4. Let z be f(-3). Let d be (0 - -3)/((-12)/(-8)). Let m(j) = 0*j + j - 4*j**2 + j**d - 4*j**2. What is m(z)?
-6
Let l be -2 + (-3)/(-6)*-2. Let h(p) = -p**3 - 2*p**2 + 4*p + 3. Give h(l).
0
Let k(y) = -4*y - 16. Let t be k(-5). Let p(f) be the second derivative of 0 + 1/12*f**t - 2*f - f**3 - 1/2*f**2. Determine p(5).
-6
Let q be (-15)/(-6)*(-6)/(-5). Let n(j) = -6 + 6*j + 0 - q*j. What is n(4)?
6
Let g(f) = -f**3 - 4*f**2 + f + 2. Suppose 12 = -p - 2*j, 2*p = -6*j + 3*j - 19. Let l be p*(-1)/(-3)*3. What is g(l)?
-8
Let k(l) = -l**2 + 2*l - 6. Let x be k(2). Let c(j) = -j**3 - 7*j**2 - 6*j - 4. Determine c(x).
-4
Let b be 6/(-16) - (-102)/16. Let i(r) = r**3 - 6*r**2 - 3*r + 4. Determine i(b).
-14
Let l(t) = 2*t**2 + 2*t - 4*t**2 + 4 - 2. Suppose -3*m + 12 = 6. Determine l(m).
-2
Let k(o) be the second derivative of o**3/3 - 7*o**2/2 + 15*o. Give k(5).
3
Let d(g) be the second derivative of 0*g**2 - 3/10*g**5 + 0 - 1/6*g**3 - 1/12*g**4 - 6*g. What is d(-1)?
6
Let x(r) = r**2 + 12*r + 6. Let v be x(-12). Let i(a) = a**3 - 5*a**2 - 7*a. Determine i(v).
-6
Let v(x) = -x**3 - 4*x**2 - 2*x. Let n(c) = -4*c**3 + c - 1. Let l be (-6)/15 - (-34)/10. Suppose -3*m + 0 + l = 0. Let i be n(m). Give v(i).
8
Let x(b) = 6*b**2 + 2*b - 1. Suppose -2*u + 0 = 2, 0 = -4*l - 4*u - 20. Let f = 7 + l. Let s = -2 + f. Give x(s).
7
Let z = -54 - -52. Let u(n) be the third derivative of -n**7/2520 - n**5/120 + n**4/24 + n**2. Let p(v) be the second derivative of u(v). Calculate p(z).
-5
Suppose -3*q - 6 = 6, -2*b - q + 4 = 0. Suppose 3*c + b*y = 3, 2 = 2*c - 2*y - y. Let u(l) = 0*l - 4 - 4*l + c + 4. Determine u(-1).
5
Let r(k) = -k**2 - k + 2. Suppose -4*l + 11*l = 42. Suppose 0 = -p 